{"id":295,"date":"2023-03-28T09:27:58","date_gmt":"2023-03-28T09:27:58","guid":{"rendered":"https:\/\/reich.flaemingwerbung.de\/test\/?page_id=295"},"modified":"2026-04-14T12:23:37","modified_gmt":"2026-04-14T12:23:37","slug":"kursangebote","status":"publish","type":"page","link":"https:\/\/www.a-reich.de\/index.php\/kursangebote\/","title":{"rendered":"Kursangebote"},"content":{"rendered":"<p>[et_pb_section fb_built=&#8220;1&#8243; _builder_version=&#8220;4.20.2&#8243; _module_preset=&#8220;default&#8220; custom_padding=&#8220;3px||0px|||&#8220; global_colors_info=&#8220;{}&#8220;][et_pb_row _builder_version=&#8220;4.20.2&#8243; _module_preset=&#8220;default&#8220; custom_padding=&#8220;1px||0px|||&#8220; global_colors_info=&#8220;{}&#8220;][et_pb_column type=&#8220;4_4&#8243; _builder_version=&#8220;4.20.2&#8243; _module_preset=&#8220;default&#8220; global_colors_info=&#8220;{}&#8220;][et_pb_slider _builder_version=&#8220;4.20.2&#8243; _module_preset=&#8220;default&#8220; custom_padding=&#8220;172px|||||&#8220; auto=&#8220;on&#8220; global_colors_info=&#8220;{}&#8220;][et_pb_slide _builder_version=&#8220;4.20.2&#8243; _module_preset=&#8220;default&#8220; background_enable_color=&#8220;off&#8220; background_image=&#8220;https:\/\/www.a-reich.de\/wp-content\/uploads\/2023\/03\/slider_fahrschule_2.jpg&#8220; background_enable_image=&#8220;on&#8220; background_size=&#8220;initial&#8220; background_last_edited=&#8220;on|phone&#8220; background_size_tablet=&#8220;contain&#8220; global_colors_info=&#8220;{}&#8220; sticky_transition=&#8220;on&#8220;][\/et_pb_slide][et_pb_slide _builder_version=&#8220;4.20.2&#8243; _module_preset=&#8220;default&#8220; background_enable_color=&#8220;off&#8220; background_image=&#8220;https:\/\/www.a-reich.de\/wp-content\/uploads\/2023\/03\/slider_fahrschule_3.jpg&#8220; background_enable_image=&#8220;on&#8220; background_size=&#8220;initial&#8220; background_last_edited=&#8220;on|desktop&#8220; background_size_tablet=&#8220;contain&#8220; global_colors_info=&#8220;{}&#8220; sticky_transition=&#8220;on&#8220;][\/et_pb_slide][et_pb_slide _builder_version=&#8220;4.20.2&#8243; _module_preset=&#8220;default&#8220; background_enable_color=&#8220;off&#8220; background_image=&#8220;https:\/\/www.a-reich.de\/wp-content\/uploads\/2023\/03\/slider_fahrschule_1-1.jpg&#8220; background_enable_image=&#8220;on&#8220; background_size=&#8220;initial&#8220; background_last_edited=&#8220;on|desktop&#8220; background_size_tablet=&#8220;contain&#8220; global_colors_info=&#8220;{}&#8220; sticky_transition=&#8220;on&#8220;][\/et_pb_slide][\/et_pb_slider][\/et_pb_column][\/et_pb_row][\/et_pb_section][et_pb_section fb_built=&#8220;1&#8243; _builder_version=&#8220;4.20.2&#8243; _module_preset=&#8220;default&#8220; custom_padding=&#8220;4px||26px|||&#8220; global_colors_info=&#8220;{}&#8220;][et_pb_row _builder_version=&#8220;4.20.2&#8243; _module_preset=&#8220;default&#8220; global_colors_info=&#8220;{}&#8220;][et_pb_column type=&#8220;4_4&#8243; _builder_version=&#8220;4.20.2&#8243; _module_preset=&#8220;default&#8220; global_colors_info=&#8220;{}&#8220;][et_pb_blurb title=&#8220;Kurse&#8220; content_max_width=&#8220;1000px&#8220; content_max_width_tablet=&#8220;600px&#8220; content_max_width_phone=&#8220;600px&#8220; content_max_width_last_edited=&#8220;on|phone&#8220; _builder_version=&#8220;4.20.2&#8243; _module_preset=&#8220;default&#8220; header_level=&#8220;h1&#8243; header_font=&#8220;|||on|||||&#8220; header_text_align=&#8220;center&#8220; custom_margin=&#8220;||-61px|||&#8220; global_colors_info=&#8220;{}&#8220;]<\/p>\n<div><\/div>\n<div style=\"text-align: center;\">\n<hr \/>\n<\/div>\n<ul><\/ul>\n<p>[\/et_pb_blurb][\/et_pb_column][\/et_pb_row][et_pb_row column_structure=&#8220;2_3,1_3&#8243; _builder_version=&#8220;4.20.2&#8243; _module_preset=&#8220;default&#8220; custom_padding=&#8220;||25px|||&#8220; global_colors_info=&#8220;{}&#8220;][et_pb_column type=&#8220;2_3&#8243; _builder_version=&#8220;4.20.2&#8243; _module_preset=&#8220;default&#8220; global_colors_info=&#8220;{}&#8220;][et_pb_blurb content_max_width=&#8220;1000px&#8220; content_last_edited=&#8220;off|desktop&#8220; content_max_width_tablet=&#8220;600px&#8220; content_max_width_phone=&#8220;600px&#8220; content_max_width_last_edited=&#8220;on|phone&#8220; _builder_version=&#8220;4.20.2&#8243; _module_preset=&#8220;default&#8220; header_level=&#8220;h1&#8243; header_font=&#8220;|||on|||||&#8220; header_text_align=&#8220;center&#8220; body_ol_position=&#8220;outside&#8220; body_ol_item_indent=&#8220;19px&#8220; custom_margin=&#8220;||16px|||&#8220; global_colors_info=&#8220;{}&#8220;]<\/p>\n<p style=\"text-align: left;\"><span style=\"font-size: 18pt;\"><strong><br \/>Weiterbildungskurse nach dem BKrFQG\u00a0 \u00a0 \u00a0<br \/><\/strong><\/span><\/p>\n<p style=\"clear: both;\"><span style=\"font-size: 12pt; color: #ff0000;\"><strong><\/strong><\/span><\/p>\n<p style=\"clear: both;\"><span style=\"font-size: 12pt; color: #ff0000;\"><strong><a style=\"color: #ff0000;\" href=\"https:\/\/www.a-reich.de\/index.php\/kursveranstaltungen\/\" target=\"_blank\" rel=\"noopener noreferrer\">Zum Kurskalender \/ Anmeldung &#8230;hier klicken<\/a><\/strong> <\/span><\/p>\n<div class=\"layout-cell\" style=\"float: left; vertical-align: middle; width: 50%; padding: 0px 20px 0px 20px;\">\n<p><strong><span style=\"font-size: 12pt;\"><\/span><\/strong><\/p>\n<p><strong><span style=\"font-size: 12pt;\"><\/span><\/strong><\/p>\n<p><strong><span style=\"font-size: 12pt;\">Weiterbildung LKW \/ Bus (Samstag)<\/span><br \/><\/strong><\/p>\n<\/div>\n<div class=\"layout-cell\" style=\"float: left; vertical-align: middle; width: 50%; padding: 0px 20px 0px 20px;\">\n<p><span style=\"font-size: 12pt;\"><strong><\/strong><\/span><\/p>\n<p><span style=\"font-size: 12pt;\"><strong><\/strong><\/span><\/p>\n<p><span style=\"font-size: 12pt;\"><strong>Wochenlehrg\u00e4nge \/ Sonstige Zeiten<\/strong><\/span><\/p>\n<\/div>\n<p>&nbsp;<\/p>\n<table style=\"width: 100%; border-color: #ffffff; background-color: #ffffff;\">\n<tbody>\n<tr>\n<td style=\"width: 15%;\"><img decoding=\"async\" src=\"https:\/\/www.a-reich.de\/wp-content\/uploads\/2023\/03\/modul1-300x300.png\" \/><\/td>\n<td style=\"width: 35%;\">\n<p style=\"display: table-cell; text-align: left;\"><strong>Eco-Training &amp; Assistenzsysteme<br \/><\/strong><\/p>\n<p><span style=\"color: #0c71c3;\">25.04.2026<\/span><br \/>05.09.2026<br \/>07.11.2026<span style=\"text-decoration: underline;\"><\/span><\/p>\n<p><code><\/code><\/p>\n<\/td>\n<td style=\"width: 15%;\"><img decoding=\"async\" src=\"https:\/\/www.a-reich.de\/wp-content\/uploads\/2023\/03\/modul1-300x300.png\" \/><\/td>\n<td style=\"width: 35%;\">\n<p style=\"display: table-cell; vertical-align: center;\"><strong>Eco-Training &amp; Assistenzsysteme<br \/><\/strong><br \/>Montag &#8211; 16.11.2026<\/p>\n<\/td>\n<\/tr>\n<tr>\n<td style=\"width: 15%;\"><img decoding=\"async\" src=\"https:\/\/www.a-reich.de\/wp-content\/uploads\/2023\/03\/modul2-300x300.png\" \/><\/td>\n<td style=\"width: 35%;\">\n<p style=\"display: table-cell; vertical-align: center;\"><strong>Sozialvorschriften<br \/><\/strong><\/p>\n<p><span style=\"color: #339966;\"><\/span><br \/><span style=\"color: #0c71c3;\">09.05.2026<\/span><br \/>12.09.2026<br \/>14.11.2026<\/p>\n<\/td>\n<td style=\"width: 15%;\"><img decoding=\"async\" src=\"https:\/\/www.a-reich.de\/wp-content\/uploads\/2023\/03\/modul2-300x300.png\" \/><\/td>\n<td style=\"width: 35%;\">\n<p style=\"display: table-cell; vertical-align: center;\"><strong>Sozialvorschriften<\/strong><\/p>\n<p>Dienstag &#8211; 17.11.2026<\/p>\n<\/td>\n<\/tr>\n<tr>\n<td style=\"width: 15%;\"><img decoding=\"async\" src=\"https:\/\/www.a-reich.de\/wp-content\/uploads\/2023\/03\/modul3-300x300.png\" \/><\/td>\n<td style=\"width: 35%;\">\n<p style=\"display: table-cell; vertical-align: center;\"><strong>Gefahrenwahrnehmung<\/strong><\/p>\n<p><span style=\"color: #0c71c3;\">23.05.2026<\/span><br \/>19.09.2026<br \/>21.11.2026<\/p>\n<\/td>\n<td style=\"width: 15%;\"><img decoding=\"async\" src=\"https:\/\/www.a-reich.de\/wp-content\/uploads\/2023\/03\/modul3-300x300.png\" \/><\/td>\n<td style=\"width: 35%;\">\n<p style=\"display: table-cell; vertical-align: center;\"><strong>Gefahrenwahrnehmung<br \/><\/strong><br \/>Mittwoch &#8211; 18.11.2026<\/p>\n<p style=\"display: table-cell; vertical-align: center;\">\n<\/td>\n<\/tr>\n<tr>\n<td style=\"width: 15%;\"><img decoding=\"async\" src=\"https:\/\/www.a-reich.de\/wp-content\/uploads\/2023\/03\/modul4-300x300.png\" \/><\/td>\n<td style=\"width: 35%;\">\n<p style=\"display: table-cell; vertical-align: center;\"><strong>Schadenspr\u00e4vention<\/strong><\/p>\n<p><span style=\"color: #0c71c3;\">30.05.2026<\/span><br \/>26.09.2026<br \/>05.12.2026<span style=\"color: #339966;\"><strong><\/strong><\/span><\/p>\n<\/td>\n<td style=\"width: 15%;\"><img decoding=\"async\" src=\"https:\/\/www.a-reich.de\/wp-content\/uploads\/2023\/03\/modul4-300x300.png\" \/><\/td>\n<td style=\"width: 35%;\">\n<p style=\"display: table-cell; vertical-align: center;\"><strong>Schadenspr\u00e4vention<br \/><\/strong><br \/>Donnerstag &#8211; 19.11.2026<\/p>\n<\/td>\n<\/tr>\n<tr>\n<td style=\"width: 15%;\"><img decoding=\"async\" src=\"https:\/\/www.a-reich.de\/wp-content\/uploads\/2023\/03\/modul5-300x300.png\" \/><\/td>\n<td style=\"width: 35%;\">\n<p style=\"display: table-cell; vertical-align: center;\"><strong>Sicherheit Ladung &amp; Fahrgast<\/strong><\/p>\n<p>10.10.2026<br \/>12.12.2026<\/p>\n<\/td>\n<td style=\"width: 15%;\"><img decoding=\"async\" src=\"https:\/\/www.a-reich.de\/wp-content\/uploads\/2023\/03\/modul5-300x300.png\" \/><\/td>\n<td style=\"width: 35%;\">\n<p style=\"display: table-cell; vertical-align: center;\"><strong>Sicherheit Ladung &amp; Fahrgast<br \/><\/strong><br \/>Freitag &#8211; 20.11.2026<\/p>\n<\/td>\n<\/tr>\n<\/tbody>\n<\/table>\n<p>&nbsp;<\/p>\n<p>&nbsp;<\/p>\n<p style=\"clear: both;\"><span style=\"font-size: 12pt;\"><strong>Melden Sie sich \u00fcber unser Formular an und sichern Sie sich Ihre Pl\u00e4tze!<\/strong><\/span><\/p>\n<p>&nbsp;<\/p>\n<p style=\"clear: both;\">Wir bitten um Anmeldung der Kursteilnehmer, um ausreichend Kapazit\u00e4ten gew\u00e4hrleisten zu k\u00f6nnen. Die Kurse finden jeweils auf einem Samstag statt. <br \/>Unterrichtsdauer je Modul: 08:00 &#8211; 16:00 Uhr.<\/p>\n<p>Preis je Modul \/ Teilnehmer <span style=\"color: #000000;\"><strong>90 \u20ac<\/strong><\/span>.<br \/><strong><br \/>Mindestteilnehmerzahl 10 Personen<\/strong><\/p>\n<p><strong> <\/strong><\/p>\n<p><strong><\/strong><span style=\"font-size: 8pt;\">*\u00c4nderungen bei den Terminen und den Modulen vorbehalten.<\/span><\/p>\n<p>[\/et_pb_blurb][\/et_pb_column][et_pb_column type=&#8220;1_3&#8243; _builder_version=&#8220;4.20.2&#8243; _module_preset=&#8220;default&#8220; global_colors_info=&#8220;{}&#8220;][\/et_pb_column][\/et_pb_row][\/et_pb_section]<\/p>\n","protected":false},"excerpt":{"rendered":"<p>Weiterbildungskurse nach dem BKrFQG\u00a0 \u00a0 \u00a0 Zum Kurskalender \/ Anmeldung &#8230;hier klicken Weiterbildung LKW \/ Bus (Samstag) Wochenlehrg\u00e4nge \/ Sonstige Zeiten &nbsp; Eco-Training &amp; Assistenzsysteme 25.04.202605.09.202607.11.2026 Eco-Training &amp; AssistenzsystemeMontag &#8211; [&hellip;]<\/p>\n","protected":false},"author":1,"featured_media":0,"parent":0,"menu_order":0,"comment_status":"closed","ping_status":"closed","template":"","meta":{"_et_pb_use_builder":"on","_et_pb_old_content":"","_et_gb_content_width":"","footnotes":""},"class_list":["post-295","page","type-page","status-publish","hentry"],"_links":{"self":[{"href":"https:\/\/www.a-reich.de\/index.php\/wp-json\/wp\/v2\/pages\/295","targetHints":{"allow":["GET"]}}],"collection":[{"href":"https:\/\/www.a-reich.de\/index.php\/wp-json\/wp\/v2\/pages"}],"about":[{"href":"https:\/\/www.a-reich.de\/index.php\/wp-json\/wp\/v2\/types\/page"}],"author":[{"embeddable":true,"href":"https:\/\/www.a-reich.de\/index.php\/wp-json\/wp\/v2\/users\/1"}],"replies":[{"embeddable":true,"href":"https:\/\/www.a-reich.de\/index.php\/wp-json\/wp\/v2\/comments?post=295"}],"version-history":[{"count":64,"href":"https:\/\/www.a-reich.de\/index.php\/wp-json\/wp\/v2\/pages\/295\/revisions"}],"predecessor-version":[{"id":915,"href":"https:\/\/www.a-reich.de\/index.php\/wp-json\/wp\/v2\/pages\/295\/revisions\/915"}],"wp:attachment":[{"href":"https:\/\/www.a-reich.de\/index.php\/wp-json\/wp\/v2\/media?parent=295"}],"curies":[{"name":"wp","href":"https:\/\/api.w.org\/{rel}","templated":true}]}}